composite number?
False
Is 23488674401 composite?
True
Is 66402461 a composite number?
False
Is 999321899 prime?
False
Is 6792593147 a composite number?
False
Is 3809078483 prime?
False
Is 1634246638 a prime number?
False
Is 8214461347 prime?
True
Is 12330176741 prime?
False
Is 2082519421 a prime number?
False
Is 1924565987 a composite number?
False
Is 61195115389 composite?
False
Is 2992165159 a prime number?
False
Is 1892784581 a prime number?
False
Is 5669098099 a prime number?
False
Is 1806007429 prime?
True
Is 51809100745 a composite number?
True
Is 1053540931 a prime number?
True
Is 1499896897 composite?
False
Is 3318633719 a prime number?
True
Is 78913020503 a composite number?
True
Is 7581154549 a prime number?
True
Is 486369535 prime?
False
Is 5127738559 a prime number?
False
Is 29919259879 a prime number?
True
Is 180510541 composite?
True
Is 2145615083 a prime number?
False
Is 2261091851 prime?
False
Is 32791513355 prime?
False
Is 10290204413 a composite number?
False
Is 644587091 a composite number?
False
Is 4379901971 composite?
False
Is 49275777931 a prime number?
False
Is 6672093131 prime?
False
Is 11382852251 prime?
False
Is 148374892469 a composite number?
True
Is 6440394286 composite?
True
Is 16351363459 composite?
True
Is 2217631007 prime?
True
Is 39015233431 composite?
True
Is 17561099485 prime?
False
Is 1740677459 a composite number?
True
Is 189238579 a composite number?
False
Is 118899311 a prime number?
True
Is 31831529101 a composite number?
True
Is 3532952539 prime?
False
Is 118481239 composite?
False
Is 137727111659 a composite number?
False
Is 32767546481 a composite number?
True
Is 1019262713 a prime number?
False
Is 1238509907 a composite number?
False
Is 12573347587 a prime number?
True
Is 1783121441 a prime number?
True
Is 68246063 prime?
True
Is 22010878171 a prime number?
False
Is 1018499263 composite?
True
Is 1062784847 composite?
False
Is 957063001 composite?
False
Is 2829713365 prime?
False
Is 2603030717 prime?
False
Is 3054851441 prime?
True
Is 121265696681 prime?
True
Is 875294753 prime?
False
Is 7894649233 a composite number?
False
Is 51706015781 prime?
False
Is 1884867571 a prime number?
False
Is 81391379051 a composite number?
False
Is 3387416873 prime?
False
Is 814069471 a prime number?
True
Is 4570040053 a prime number?
False
Is 198662406329 a prime number?
True
Is 390738379 a composite number?
False
Is 50153014167 composite?
True
Is 4258681423 a composite number?
False
Is 44394537391 a composite number?
False
Is 491034569 a prime number?
True
Is 515088731 composite?
False
Is 3074578063 a prime number?
True
Is 8264272673 a prime number?
False
Is 8421869861 a composite number?
False
Is 17081702879 composite?
True
Is 1707775177 a composite number?
False
Is 2513766511 prime?
True
Is 2339699017 composite?
True
Is 4212876463 a composite number?
False
Is 185034301153 composite?
True
Is 1790534957 a prime number?
True
Is 26375287417 a composite number?
False
Is 719752163 composite?
True
Is 844246439 composite?
False
Is 490221583 prime?
True
Is 6850133627 a prime number?
False
Is 387595963 prime?
True
Is 238029229 prime?
False
Is 207242722 a composite number?
True
Is 346964609 prime?
True
Is 772514741 a prime number?
True
Is 179020291 a composite number?
False
Is 4737635653 prime?
True
Is 34239329897 prime?
True
Is 48339251 prime?
True
Is 326613765557 a prime number?
True
Is 17633802547 composite?
True
Is 12042814681 composite?
False
Is 13571900653 a composite number?
False
Is 15281267993 a composite number?
True
Is 2113071791 a composite number?
False
Is 2032990193 a prime number?
False
Is 275318089 composite?
False
Is 1231682681 prime?
False
Is 824174117 a prime number?
False
Is 809558578937 a composite number?
False
Is 4662749219 prime?
True
Is 78931927549 a prime number?
False
Is 483182773 a composite number?
True
Is 12253952323 composite?
False
Is 5619916961 composite?
True
Is 12524954371 composite?
False
Is 194393256535 a composite number?
True
Is 11829865541 a prime number?
False
Is 13739016979 a prime number?
True
Is 1180731529 composite?
False
Is 245130713 a composite number?
True
Is 52245477331 a prime number?
True
Is 606711451 composite?
False
Is 419524447 a composite number?
False
Is 65074995539 prime?
False
Is 584471341 a prime number?
True
Is 206872049 a composite number?
False
Is 194465832391 composite?
False
Is 6919880177 a composite number?
True
Is 2127756661 composite?
True
Is 13962811 a prime number?
True
Is 4473902219 a prime number?
False
Is 934195029 a prime number?
False
Is 119075905951 a prime number?
False
Is 25396946969 a prime number?
False
Is 555677669 a prime number?
True
Is 6734243219 a composite number?
True
Is 31451619013 composite?
True
Is 25273259911 a prime number?
True
Is 196888351 a prime number?
False
Is 367876937 prime?
False
Is 1125530533 a composite number?
False
Is 997502609 prime?
False
Is 2887425969 composite?
True
Is 10371765119 composite?
False
Is 5185556017 prime?
True
Is 8627292211 prime?
True
Is 71847053 composite?
False
Is 654625231 composite?
True
Is 772636759 composite?
True
Is 5924495677 composite?
False
Is 174580337 prime?
False
Is 93216124711 prime?
True
Is 907619837 composite?
False
Is 1413414599 prime?
False
Is 19889161 composite?
True
Is 405364163 prime?
True
Is 86504868039 a composite number?
True
Is 1393982221 a prime number?
True
Is 910532569 composite?
True
Is 1075385111 composite?
False
Is 4857943801 prime?
False
Is 843892915301 composite?
False
Is 7898248819 prime?
True
Is 92585228921 prime?
True
Is 13730598239 prime?
False
Is 8694519479 a prime number?
True
Is 5326739221 a prime number?
True
Is 9850871067 a prime number?
False
Is 899450117 a prime number?
True
Is 12090963887 composite?
True
Is 657144318859 prime?
False
Is 168307295581 a prime number?
True
Is 1911618371 a prime number?
False
Is 471127219 composite?
True
Is 2542173481 composite?
False
Is 1402864687 prime?
False
Is 2762529683 composite?
True
Is 117637884173 composite?
False
Is 10972365629 a composite number?
False
Is 232126073 a prime number?
False
Is 434541439 a prime number?
True
Is 749335693 a composite number?
False
Is 122510161259 composite?
True
Is 1706936171 a composite number?
False
Is 11016016342 a prime number?
False
Is 25072882117 a composite number?
True
Is 29875324873 composite?
False
Is 789891229 composite?
False
Is 599985677 composite?
True
Is 33507186406 a prime number?
False
Is 1719715339 a composite number?
True
Is 1952489311 a prime number?
True
Is 72211547 a composite number?
False
Is 2073082337 a composite number?
False
Is 169788821 a composite number?
False
Is 675152201 composite?
True
Is 1786041553 a prime number?
False
Is 37787994869 prime?
False
Is 173868059 composite?
False
Is 7925419141 composite?
False
Is 111470475917 a prime number?
False
Is 11850552941 a prime number?
False
Is 146435357 a prime number?
True
Is 120586977697 prime?
True
Is 1314575351 a composite number?
False
Is 5743671209 composite?
True
Is 1684914407 prime?
False
Is 7545305149 prime?
True
Is 1171664993 a composite number?
True
Is 1461897851 composite?
False
Is 337236461 a prime number?
False
Is 4390389781 a composite number?
True
Is 1687235063 a prime number?
True
Is 22486001189 a composite number?
False
Is 1431599957 a prime number?
False
Is 823498807 composite?
False
Is 626111797 a prime number?
False
Is 201019010089 prime?
True
Is 93225655519 a composite number?
True
Is 6214095463 a prime number?
False
Is 2941853 composite?
True
Is 164687827 a composite number?
True
Is 465060931 a composite number?
True
Is 234470843 a composite number?
False
Is 45782512597 a composite number?
False
Is 19132274417 a composite number?
False
Is 103191791 a prime number?
True
Is 7064392267 composite?
False
Is 1134265529 prime?
True
Is 20160999631 a composite number?
False
Is 3431164727 composite?
False
Is 217769333 prime?
True
Is 114152990933 a prime number?
False
Is 744481379 prime?
True
Is 10208808213 composite?
True
Is 191054459 prime?
False
Is 10968024829 prime?
False
Is 2686464221 composite?
True
Is 20641917563 composite?
False
Is 4407628919 a composite number?
False
Is 11682217309 composite?
True
Is 1646597831 a composite number?
True
Is 4885050673 a prime number?
True
Is 111870457 prime?
True